 0, h*a + 4*z + 4 = 23. List the prime factors of a.
3
Let c = -3 - 12. Let t be 3/6*(1 + -3). What are the prime factors of (-10)/c*(2 - t)?
2
Suppose -5*v + 2*v - 4*u + 160 = 0, 0 = 3*v + 2*u - 158. List the prime factors of v.
2, 13
Suppose v + 9 = -3*d, 4*v - 6 = 5*d + 9. Let o = v - -2. Suppose 5*s - 4*y = -y + 65, o*s - 3*y - 26 = 0. List the prime factors of s.
13
Let t(w) = 2*w**3 - 5*w**2 - 3*w + 4. Let r be t(4). Let d = r - 26. Let u = -6 + d. What are the prime factors of u?
2
Suppose -10 - 5 = 3*c. Let m = 12 + c. Suppose -4*v - m = -31. List the prime factors of v.
2, 3
Suppose -12 = 4*z - 4. Let h(m) = 3*m**2 + 9*m - 4. Let i(n) = -16*n**2 - 46*n + 19. Let y(j) = z*i(j) - 11*h(j). What are the prime factors of y(-6)?
2, 3
List the prime factors of (5 + (-32)/8)*6*3.
2, 3
Let j(t) = 6*t**3 + 2*t**2 + 1. What are the prime factors of j(2)?
3, 19
Let b(o) = -o**2 + 6 - o**3 - 4 + o + 1. What are the prime factors of b(0)?
3
Let s = -4 + -1. Let g = 8 + s. Suppose -5*n + 2*l - 13 = -48, -4*l = g*n - 47. List the prime factors of n.
3
Let b(f) be the third derivative of 3*f**4/8 + f**3/6 + f**2. Let u be (2 + -1)/((-3)/(-3)). List the prime factors of b(u).
2, 5
Suppose -184 + 4 = -2*u. Suppose -3*d + 27 = -u. What are the prime factors of d?
3, 13
Suppose 2*i + 0*i = 2. Suppose -44 = -5*z + i. Let x(w) = w**3 - 10*w**2 + 9*w + 8. List the prime factors of x(z).
2
Let t(f) = -21*f + 21. List the prime factors of t(-7).
2, 3, 7
Let y(m) = 22*m + 14. List the prime factors of y(2).
2, 29
Let w(g) = g**3 - 8*g**2 + 7*g + 6. Suppose -l + 5 = 3*a - 10, 57 = 3*l - 3*a. Let m = -11 + l. What are the prime factors of w(m)?
2, 3
Let q(i) = i**3 - 8*i**2 + 6*i + 9. Let r be q(7). What are the prime factors of r/(-4) + 65/26?
2
Let l(w) = 16*w - 12. List the prime factors of l(6).
2, 3, 7
Let g be ((-24)/(-10))/(15/150). Let q = 7 + g. What are the prime factors of q?
31
Let q = -26 - -39. What are the prime factors of q?
13
Let u(i) = -i + 10. Let g be u(7). What are the prime factors of (g/4)/((-15)/(-540))?
3
Suppose -5*g + 2*w = 118, 4*g - 3*w = 16 - 116. Let j be (-9)/6 - g/4. Suppose -t + 2*c = -2*t + 11, -3*t = -j*c - 13. What are the prime factors of t?
7
Suppose 0 = 3*p - c + 34, -4*c + 14 = 3*p + 58. What are the prime factors of (-57)/p + (-1)/(-4)?
5
Let w = -63 - -127. Let c = 7 - 2. Suppose -c*u - b - 20 = -w, 0 = 2*b - 8. What are the prime factors of u?
2
What are the prime factors of (-14 - -15) + 0 + 49?
2, 5
Let s(f) = 6*f. List the prime factors of s(7).
2, 3, 7
Let f(i) = 4*i - 8. Let x(o) = -3*o + 9. Let m(h) = -5*f(h) - 6*x(h). What are the prime factors of m(-10)?
2, 3
Suppose 4*b - 35 = 81. What are the prime factors of b?
29
Suppose 0 = 4*w + a + 62 - 179, -2*w + 2*a = -66. What are the prime factors of w?
2, 3, 5
Suppose 4*f + 42 = f. Let h = -10 - f. List the prime factors of h.
2
What are the prime factors of (13/(-6))/((-3)/18)?
13
Suppose 6*v - 3*v = -270. Let b = -168 - v. Let m = -56 - b. What are the prime factors of m?
2, 11
Suppose 5*w - 154 = -3*z, 2*z + 4*w = 5*z - 136. Suppose 0 = -3*f + z - 12. What are the prime factors of f?
2, 3
Let t be 31/(-4) - 10/40. Let m = 8 - t. List the prime factors of m.
2
Let h(g) = -g**2 + 5*g + 5. Let r be h(6). Suppose -5*d + 2*d = 27. Let f = r - d. List the prime factors of f.
2
Let r(j) = 2*j - 2. Let k be r(-6). Let i(b) = -4*b + 1. Let c be i(-6). Let s = c + k. What are the prime factors of s?
11
Suppose 3*z = -2*b + 705, -b + 1051 = 2*b - 2*z. List the prime factors of b.
3, 13
What are the prime factors of 18 + (-4)/(4/3)?
3, 5
Suppose d - 10 = -d. Suppose d*g + 4*t - 70 = 0, 3*t = -g + 2*t + 15. What are the prime factors of g?
2, 5
Let q be (0/1)/(0 + 2). Let m(u) be the second derivative of -u**4/12 - u**3/6 + 4*u**2 - 3*u. What are the prime factors of m(q)?
2
Let l = -52 - -92. List the prime factors of l.
2, 5
Suppose 21*b + 73 = 22*b. List the prime factors of b.
73
Suppose 4*c - 2*c = -6. What are the prime factors of c/(((-1)/(-9))/(-1))?
3
Suppose 0*i - 5*i - 870 = 0. List the prime factors of (-1)/((-2)/(i/(-3))).
29
Suppose 0 = -7*z + 4*z + 483. List the prime factors of z.
7, 23
Suppose l - 3 = -0*l. Suppose -5*u + 99 = l*z, 4*u - 87 = 2*z - 7*z. What are the prime factors of u?
2, 3
Let p be (-5)/25 + 1/5. Suppose 0 = -p*y + 5*y. Suppose y = -2*k - 2*m + 18, -m + 3 + 24 = 4*k. What are the prime factors of k?
2, 3
Suppose -136 = x - 2*x. List the prime factors of x.
2, 17
Suppose -10*b + 116 = -8*b. List the prime factors of b.
2, 29
Let f(u) = u**2 - u - 5. Let p be f(5). Suppose 5*a - p = -0*a. Suppose -7*v + a*v = n - 29, 5*v = 4*n + 52. What are the prime factors of v?
2
Let x(l) = l**2 - 2*l + 92. List the prime factors of x(0).
2, 23
Suppose -795 = -5*f - 90. What are the prime factors of f?
3, 47
Let x(f) = -f**2 + 7*f - 1. Let o = 6 + 1. Let k be x(o). Let h = k - -7. What are the prime factors of h?
2, 3
Suppose -3*n = -n + 2, 0 = -4*v - 3*n + 9. Suppose 0 = q - v*q + 78. What are the prime factors of q?
3, 13
Let j = 14 - 10. Suppose 0 = -2*x + 5*w - 0 + 14, -j*x + 28 = -w. List the prime factors of x.
7
Suppose -6*n + 919 = -437. What are the prime factors of n?
2, 113
Let s be (-16)/3*(-114)/(-4). Let o be s/(-36) - 4/18. Suppose 3 = -o*y + 11. List the prime factors of y.
2
Let f(n) = n**2 - 7*n - 2. Let a be f(8). List the prime factors of (-20)/(-2) - a/2.
7
Suppose s - 378 = -2*s. Suppose -26 = -5*g - s. Let m = g - -28. What are the prime factors of m?
2
Let v be -2 - 3/(6/(-4)). What are the prime factors of (0 - 1) + (v - -5)?
2
Let k be (-10 - -19) + 1 + 2. Suppose 13*i = k*i + 21. What are the prime factors of i?
3, 7
Let r be (2 + -2)/(1/(-1)). Suppose -5*w + r*w + 75 = 0. Suppose -4*f + w = -29. What are the prime factors of f?
11
Suppose 1377 = 9*x - 0*x. List the prime factors of x.
3, 17
Let u(r) = -r**3 + 12*r**2 - 2*r - 1. Let d(m) = -3*m**3 + 35*m**2 - 5*m - 3. Let f(w) = 4*d(w) - 11*u(w). What are the prime factors of f(8)?
3, 5
Let u = -1 - -4. Let r = -28 + 27. Let q = u + r. List the prime factors of q.
2
Suppose p - 14 = 2*p - x, -2*x + 58 = -4*p. Let t = p + 49. Suppose 3*k + 4 - t = 0. What are the prime factors of k?
2, 5
Let t(p) = 3*p**2 - 6*p - 5. List the prime factors of t(7).
2, 5
Suppose 2*g - 13 = -2*m + m, -4*g = -2*m + 58. Suppose -t = -2*t + m. What are the prime factors of t?
3, 7
Let r = -3 + 8. Suppose r*x - 36 = 34. List the prime factors of x.
2, 7
What are the prime factors of (3/1 + -21)/(-2)?
3
Suppose 0 = -5*n + 3*w - 0*w + 32, -12 = 3*w. Suppose u + u = n. What are the prime factors of u?
2
Suppose 4*i - 12 - 28 = 0. What are the prime factors of (-17 + i)*(-1 + 0)?
7
Let l = 0 + 0. Suppose -4*u - 3*v + 2*v + 2 = 0, 5*u - 2*v + 4 = l. Let c = u + 3. What are the prime factors of c?
3
Let w = 2 - -2. Suppose 3*z - 8 = w. Suppose p - 11 = -q - p, -4*p - z = 0. List the prime factors of q.
13
Suppose -20 = -5*c - a, 0 = -3*c - 4*a + 10 + 19. Suppose -c*m + 6 = -3. What are the prime factors of m?
3
Let h(v) = 9*v - 7. What are the prime factors of h(5)?
2, 19
What are the prime factors of (-69)/(((-55)/20)/11)?
2, 3, 23
Suppose -p + 16 = 3*p. Let c(w) = -w**2 + 3*w + 2. Let q be c(p). Let l(n) = n**3 + 2*n**2 - 2*n + 1. List the prime factors of l(q).
5
Let m = 8 - -2. What are the prime factors of m?
2, 5
Let y = 10 + -16. What are the prime factors of 6/(-9)*117/y?
13
Suppose -4*j = 2*x - 512, -263 = -3*x - 5*j + 509. Let g be (x/15)/((-1)/(-10)). List the prime factors of g/28 + 2/(-7).
2, 3
Let i(o) = 5*o - 5. Let y be 3/2*(-40)/(-15). List the prime factors of i(y).
3, 5
Suppose f + 4*x + 8 = 0, -3*f + 2*x + 4 = -6*f. List the prime factors of f + -3 + 8 + 1.
2, 3
Suppose -t = 8 - 81. What are the prime factors of t?
73
Let f(d) = d**2 + d - 1. Let b(o) = 2*o**2 + 5*o - 6. Let u(c) = -b(c) + 3*f(c). List the prime factors of u(2).
3
Let b = -17 + 11. List the prime factors of (-5 + 1)/(4 + b).
2
Let q = 436 - 135. What are the prime factors of q?
7, 43
Let h(m) = -4*m - 9. Let j be h(-13). Let o = -26 + j. List the prime factors of o.
17
List the prime factors of 108/15*(-15)/(-2).
2, 3
Let o(q) = -q**3 - 3*q**2 + 5*q + 2. Let p be 1*(-6 + 2 + 0). Let x be o(p). Let w = 3 - x. What are 